 hundreds digit of y?
1
Suppose 5272 = 34*i - 29*i - o, 3*o = -5*i + 5284. What is the thousands digit of i?
1
Suppose 156*k = 160*k - 284. What is the units digit of k?
1
Let q(o) = 2*o + 4*o - 44 + 3*o + 14. What is the units digit of q(13)?
7
Let y = 1361 + 256. What is the hundreds digit of y?
6
Let m(v) = -v**3 - 12*v**2 + 6*v - 5. What is the hundreds digit of m(-14)?
3
Let z = 18 + 233. Suppose 21 - 1 = 4*v. Suppose 2*y + v*n = 3*n + 136, -z = -4*y + 3*n. What is the tens digit of y?
6
Let v(c) = -c**3 + 11*c**2 + 15*c - 4. Let s be -5 - -10 - -1*4. What is the tens digit of v(s)?
9
Let r = 265 + 190. What is the tens digit of r?
5
Let n = 99 - -89. What is the units digit of (2 - 14/5) + n/10?
8
Suppose -169 = -v - 2*o, 0*v - v - 5*o + 157 = 0. What is the units digit of v?
7
Let y = 0 + 12. What is the tens digit of (15/y)/(2/16)?
1
Suppose d = -d - 3*x + 5, 5*x + 17 = 3*d. Suppose h + d = 3*h. Suppose -5*j + 2 = w, 3*w = -3*j - 4 - h. What is the units digit of j?
1
Suppose 0 = -77*r + 85*r - 5880. What is the hundreds digit of r?
7
Let p(o) = 3*o - 11. Let c be p(8). Let t = 24 - c. Let k = 26 - t. What is the units digit of k?
5
Let t = -443 + 880. What is the tens digit of t?
3
Suppose -x = -4*f + 1939, 2*x = f + 6*x - 472. What is the hundreds digit of f?
4
Suppose 4*w - 2104 = -4*x, 0 = 5*x - 4*w + 2*w - 2665. What is the units digit of x?
1
Let o = 72 + -120. Let u = -17 - o. Suppose -2*p - u = -3*p. What is the units digit of p?
1
Suppose 2*y = 10, -64 = -2*v + v - 4*y. Suppose d + 0*d + 4 = 4*f, 3 = -2*d + 3*f. Suppose d = -5*o + 309 - v. What is the units digit of o?
3
Suppose 232*p = 240*p - 26096. What is the tens digit of p?
6
What is the units digit of ((-180)/(-100))/((-3)/(-95))?
7
Let m(c) = c**3 - 14*c**2 - 15*c - 4. Let v be m(15). What is the tens digit of (8/v)/(4/(-138))?
6
Let i(p) = 40*p + 4. Let d(v) = -v**3 - 16*v**2 - v - 14. Let r be d(-16). Let t be i(r). What is the units digit of t/18 - 4/(-12)?
5
Let l(t) = -t**3 - t - 1. Let v(j) = 16*j**3 - 3*j**2 + 2*j + 5. Let d(c) = 2*l(c) + v(c). What is the tens digit of d(2)?
0
Suppose 66 = 2*h - 2*l, 9 = -3*l - 3. Let m = h - -7. What is the tens digit of m?
3
Let f(y) = -4*y + 130. Let s be (3 - 3) + (1 - (-1 - -2)). What is the hundreds digit of f(s)?
1
Suppose -1 = -3*k - 7. Let s(f) = -f**2 + f - 1. Let y be s(k). Let q = y - -15. What is the units digit of q?
8
Let y = -421 + 2298. What is the thousands digit of y?
1
Let l(b) = 316*b**3 + 6*b**2 - 18*b + 16. What is the units digit of l(2)?
2
Let l(v) = -v**2 - v + 186. Let y be l(0). Suppose 3*w - 616 = -h + y, -778 = -3*w + 5*h. What is the units digit of w?
6
Let f(v) = -v**2 + 10*v + 10. Let s be (5/(-10))/((-2)/(-88)). Let j be -2 - (-2)/(-4)*s. What is the tens digit of f(j)?
1
Suppose -13*f = -6*f - 1239. Let v = f - 79. What is the tens digit of v?
9
Let w = 38 - 28. Suppose -w*h + 14 = -3*h. What is the units digit of h?
2
Suppose 5*m - 10 = 0, -i + 2*i + 2*m - 304 = 0. Suppose -i = -2*f - 4*f. What is the units digit of f?
0
Let p(q) be the first derivative of q**4/4 + 3*q**3 - 13*q**2/2 + 18*q - 13. Let v be p(-10). Suppose -8*k + 4*k = -v. What is the tens digit of k?
1
Let h(s) = 358*s**2 - 22*s + 37. What is the thousands digit of h(2)?
1
Suppose 27*n - 3*n - 101352 = 0. What is the thousands digit of n?
4
Suppose -c + 3*a + 374 = 4*a, -4*c - 5*a = -1498. What is the hundreds digit of c?
3
Let u be ((-48)/21)/((-2)/7). Suppose u*i = i + 490. What is the tens digit of i?
7
Let u(m) = m + 12. Let a be u(-12). Suppose -s = -a - 7. Suppose s = 3*i + 1. What is the units digit of i?
2
Let r = 12 + -6. What is the units digit of (-21)/(-12)*2*r?
1
Suppose -a - 15 = 4*n, n - 5*n + a - 25 = 0. Let u = n + 27. What is the units digit of u?
2
Let p(k) = -77 + 53 - 17*k + 72. What is the hundreds digit of p(-8)?
1
Let v be (4 - -4)*1/2. Suppose -v*h + 1 = -23. What is the units digit of h?
6
Let i be 1/(-2) + 14/4. Let k be (0/i)/(-1) + 2. Suppose k*x - 2*t = -5*t + 48, -3*t = -4*x + 132. What is the tens digit of x?
3
Let x(s) = -s**2 + 8*s - 10. Suppose -3*p + 10 = 2*z - 9, -4*z = 5*p - 33. Suppose 3 = z*h - 7. What is the units digit of x(h)?
5
Let r(n) = 9*n**2 + 8*n - 42. What is the tens digit of r(4)?
3
Let x(i) = -70*i - 412. What is the thousands digit of x(-43)?
2
Let k(n) = -n**3 + 7*n**2 + 16*n - 19. What is the hundreds digit of k(6)?
1
Suppose 7 = -q + 1. Let a = q + 7. Let x = a - -10. What is the units digit of x?
1
What is the hundreds digit of 3/(5/(25/(-5))) - -892?
8
Let h be -7 + ((-2)/(-2) - 0). Let z = h + 11. Suppose 5*a + z*j - 75 = 0, -4 - 58 = -4*a - 2*j. What is the tens digit of a?
1
Let v be (-126)/(-2) + -6 + 2. Let h = v + -23. What is the tens digit of h?
3
Suppose 4*p + 260 = 5*p + a, -3*p + 2*a = -785. What is the units digit of p?
1
Let j(x) = x**2 + 2*x + 2. Let i be j(3). Let z be 14/(-119) - (-2195)/i. Suppose -3*m + 3*o + z = 0, -141 = -3*m - o - 2*o. What is the tens digit of m?
4
Let m = 88 - 45. Suppose x = 57 + 4. Let t = x - m. What is the units digit of t?
8
Let d = -104 - -763. What is the hundreds digit of d?
6
Suppose 20 = -m + 2*m - 5*w, -5*w + 10 = 5*m. Suppose -m*t + v = -70, 25 = -t + 4*t - 4*v. What is the tens digit of t?
1
Suppose -60*k = -73*k + 312. Suppose 3*r + 7 = -2. What is the tens digit of 4*(-28)/k*r?
1
Suppose -4*a - 3*f - 69 = 0, 5*a - 4*f + 33 = 2*a. Let s be (-594)/a - 6/(-15). Suppose s = 2*q - 76. What is the tens digit of q?
5
Let y(b) = 8*b - 44. Let j be y(6). What is the hundreds digit of j/(-8) + 1452/8?
1
Let t(h) = 86*h**2 + 5*h - 6. Let s be t(2). What is the tens digit of s/5 - 0 - 12/(-30)?
7
Suppose -1493 = -3*a - 11*n + 7*n, 2*n - 1489 = -3*a. What is the hundreds digit of a?
4
Let k = 313 - -242. What is the tens digit of k?
5
Suppose -13*b + 21684 = -0*b. What is the tens digit of b?
6
Let k(n) = n**3 - n**2 - 2*n - 1. Let l be k(-1). Suppose 160 = -10*t + 42*t. What is the units digit of 4 - (1 - l - t)?
7
Suppose -4*s + 4*o = -0*o - 172, s - 5*o - 47 = 0. Let v be (-5)/10*0 - 18. Let q = v + s. What is the units digit of q?
4
Suppose -r = -4*g + 7272, 0*g + 3*r - 7256 = -4*g. What is the tens digit of g?
1
Let n(r) = -295*r**3 - 1. Let j be n(-1). Suppose -6*a = a - j. What is the units digit of a?
2
Let u be 6/2 + 12 - 1. Suppose -u*r = -9*r - 855. What is the hundreds digit of r?
1
Let a be (-3)/((-1)/11*(0 - -1)). Suppose 25 = a*r - 28*r. What is the units digit of r?
5
Suppose 4*o - 3*v + 6*v - 5936 = 0, 3*o = -3*v + 4452. What is the thousands digit of o?
1
Suppose -2*l = -3*r + 5182, -5*r = -l - 4035 - 4604. What is the hundreds digit of r?
7
Suppose -200 = -19*h + 21726. What is the tens digit of h?
5
Let n be (-3)/21 - (-310)/(-35). Let q be -4 - (n + (-1 - -2)). Suppose 10 = c + q. What is the units digit of c?
6
Let g be 0/(-3 + 2) - 4. Let f be g/((-4)/(-3)) - -153. Suppose -f - 100 = -5*y. What is the tens digit of y?
5
Suppose -1134 = -53*i + 5067. What is the tens digit of i?
1
Let f = -36 + 14. Let i = f - -13. What is the units digit of i/12*(-8)/3?
2
Let q(n) be the second derivative of -9*n + 3/2*n**3 - 8*n**2 + 0. What is the units digit of q(9)?
5
Suppose -47497 = -35*d + 13963. What is the tens digit of d?
5
Suppose 0 = -7*v + 6*v - 2*y + 9, 2*y = 3*v - 67. Suppose 0 = -4*q, t = -q - q + v. What is the units digit of t?
9
Let r = 0 - 18. What is the tens digit of ((-380)/6)/(3*4/r)?
9
Let s = -360 - -1011. What is the units digit of s?
1
Suppose -106*q + 101*q + 1190 = 0. What is the units digit of q?
8
Let f(a) = 17*a**2 - 14*a - 19. What is the hundreds digit of f(-8)?
1
Suppose 0 = -4*n + 39 + 57. Suppose 20 = t - n. What is the tens digit of t?
4
Let p be (-3*(-5)/9)/(6/18). Suppose 3*x + 111 = 4*y, 0*y + 130 = p*y - 2*x. What is the units digit of y?
4
Let b = -4 - -8. Suppose 0 = 4*y + 8, b*y = w + 8 - 0. What is the units digit of w/(-136) - (-49)/17?
3
Suppose 4*c - 2*n - 16582 = 0, 2*c = 205*n - 202*n + 8293. What is the hundreds digit of c?
1
Suppose -7*h + 2*h = 3*v - 1261, -3*v + 1243 = -4*h. What is the hundreds digit of v?
4
Suppose 4*b = 7*b - 27. Suppose -292 = -3*o - 4*m, -4*m + b*m = 20. Suppose 0 = a + 3*a - o. What is the tens digit of a?
2
Let n = -113 + 117. Let b be ((